{"id":73,"date":"2026-02-24T09:49:48","date_gmt":"2026-02-24T09:49:48","guid":{"rendered":"https:\/\/goldbeckpferde.de\/?page_id=73"},"modified":"2026-02-24T09:49:50","modified_gmt":"2026-02-24T09:49:50","slug":"ferienwohnung","status":"publish","type":"page","link":"https:\/\/goldbeckpferde.de\/?page_id=73","title":{"rendered":"Ferienwohnung"},"content":{"rendered":"<div class=\"\" style=\"\" >\n  \n    <section class=\"u-clearfix u-custom-color-4 u-section-1\" id=\"block-2\">\n      <div class=\"u-clearfix u-sheet u-valign-bottom-xl u-valign-bottom-xs u-sheet-1\">\n        <img decoding=\"async\" class=\"u-expanded-width-xs u-image u-image-default u-image-1\" src=\"https:\/\/goldbeckpferde.de\/wp-content\/uploads\/2026\/02\/header-wohnung-1.jpg\" alt=\"\" data-image-width=\"999\" data-image-height=\"524\">\n      <\/div>\n    <\/section>\n    <section class=\"u-align-center u-clearfix u-container-align-center u-container-align-center-lg u-container-align-center-xl u-section-2\" id=\"block-3\">\n      <div class=\"u-clearfix u-sheet u-valign-middle-xs u-sheet-1\">\n        <h2 class=\"u-align-center u-text u-text-custom-color-5 u-text-default u-text-1\"> Ferienwohnung in Goldbeck <\/h2>\n        <p class=\"u-align-center u-text u-text-2\"> F\u00fcr unsere G\u00e4ste wurde das Dachgeschoss eines ehemaligen Stalles ausgebaut.<br>Es entstand eine moderne und gem\u00fctliche Ferienwohnung (40 m\u00b2) f\u00fcr 2 bis max. 4 Personen (als Aufbettung m\u00f6glich).\nK\u00fcche mit Geschirrsp\u00fcler und \nBackofen, 1 TV-Ger\u00e4t, WLAN, kleines Bad mit Dusche (und F\u00f6hn),sowie \nBettw\u00e4sche und Handt\u00fccher geh\u00f6ren bei uns selbstverst\u00e4ndlich zum \nStandard. Und rund ums Haus ist Natur pur zur optimalen Erholung. <br>Goldbeck ist ein sehr kleiner Ort mit \nzirka 35 Einwohnern und liegt 5 km von Neustadt\/Dosse entfernt. Von dort\n besteht eine st\u00fcndliche Zugverbindung ins Zentrum von Berlin (60 Min \nFahrtzeit). Auch Wusterhausen, Kyritz und Rhinow sind nicht weit entfernt<br>Buchungsanfragen bitte per Mail an:&nbsp; roffeis.felgentreu@gmail.com<br>oder \u00fcber unser Angebot bei <a href=\"https:\/\/www.airbnb.de\/rooms\/20809598?viralityEntryPoint=1&amp;s=76\" class=\"u-active-none u-border-none u-btn u-button-link u-button-style u-hover-none u-none u-text-custom-color-5 u-btn-1\" target=\"_blank\">Airbnb<\/a>\n          <br>\n        <\/p>\n      <\/div>\n      \n      \n      \n      \n      \n      \n    <\/section>\n    <section class=\"u-align-center u-clearfix u-container-align-center u-custom-color-3 u-section-3\" id=\"block-5\">\n      \n      \n      \n      \n      \n      \n      \n      \n      \n      \n      \n      \n      \n      \n      \n      \n      \n      \n      \n      \n      \n      \n      \n      <div class=\"u-clearfix u-sheet u-valign-middle-sm u-valign-middle-xl u-sheet-1\">\n        <div class=\"u-expanded-width-md u-expanded-width-sm u-expanded-width-xs u-list u-list-1\">\n          <div class=\"u-repeater u-repeater-1\">\n            <div class=\"u-align-center u-container-align-center u-container-style u-image u-image-default u-list-item u-repeater-item u-shape-round u-image-1\" data-image-width=\"1000\" data-image-height=\"750\" style=\"background-image: url(&quot;https:\/\/goldbeckpferde.de\/wp-content\/uploads\/2026\/02\/Zimmer-1-1.jpg&quot;);\">\n              <div class=\"u-container-layout u-similar-container u-container-layout-1\"><\/div>\n            <\/div>\n            <div class=\"u-align-center u-container-align-center u-container-style u-image u-image-default u-list-item u-repeater-item u-shape-round u-image-2\" data-image-width=\"1781\" data-image-height=\"1960\" style=\"background-image: url(&quot;https:\/\/goldbeckpferde.de\/wp-content\/uploads\/2026\/02\/Kueche-1.jpg&quot;);\">\n              <div class=\"u-container-layout u-similar-container u-container-layout-2\"><\/div>\n            <\/div>\n            <div class=\"u-align-center u-container-align-center u-container-style u-image u-image-default u-list-item u-repeater-item u-shape-round u-image-3\" data-image-width=\"1000\" data-image-height=\"750\" style=\"background-image: url(&quot;https:\/\/goldbeckpferde.de\/wp-content\/uploads\/2026\/02\/Bank-1.jpg&quot;);\">\n              <div class=\"u-container-layout u-similar-container u-container-layout-3\"><\/div>\n            <\/div>\n            <div class=\"u-align-center u-container-align-center u-container-style u-image u-image-default u-list-item u-repeater-item u-shape-round u-image-4\" data-image-width=\"999\" data-image-height=\"524\" style=\"background-image: url(&quot;https:\/\/goldbeckpferde.de\/wp-content\/uploads\/2026\/02\/header-wohnung-1.jpg&quot;);\">\n              <div class=\"u-container-layout u-similar-container u-container-layout-4\"><\/div>\n            <\/div>\n            <div class=\"u-align-center u-container-align-center u-container-style u-image u-image-default u-list-item u-repeater-item u-shape-round u-image-5\" data-image-width=\"698\" data-image-height=\"677\" style=\"background-image: url(&quot;https:\/\/goldbeckpferde.de\/wp-content\/uploads\/2026\/02\/obst-1.jpg&quot;);\">\n              <div class=\"u-container-layout u-similar-container u-container-layout-5\"><\/div>\n            <\/div>\n            <div class=\"u-align-center u-container-align-center u-container-style u-image u-image-default u-list-item u-repeater-item u-shape-round u-image-6\" data-image-width=\"537\" data-image-height=\"496\" style=\"background-image: url(&quot;https:\/\/goldbeckpferde.de\/wp-content\/uploads\/2026\/02\/Garten-1.jpg&quot;);\">\n              <div class=\"u-container-layout u-similar-container u-container-layout-6\"><\/div>\n            <\/div>\n          <\/div>\n        <\/div>\n      <\/div>\n      \n      \n      \n      \n      \n      \n      \n    <\/section>\n    \n    \n    \n    \n  \n<\/div>","protected":false},"excerpt":{"rendered":"<p>Ferienwohnung in Goldbeck F\u00fcr unsere G\u00e4ste wurde das Dachgeschoss eines ehemaligen Stalles ausgebaut.Es entstand eine moderne und gem\u00fctliche Ferienwohnung (40 m\u00b2) f\u00fcr 2 bis max. 4 Personen (als Aufbettung m\u00f6glich). K\u00fcche mit Geschirrsp\u00fcler und Backofen, 1 TV-Ger\u00e4t, WLAN, kleines Bad mit Dusche (und F\u00f6hn),sowie Bettw\u00e4sche und Handt\u00fccher geh\u00f6ren bei uns selbstverst\u00e4ndlich zum Standard. Und rund [&hellip;]<\/p>\n","protected":false},"author":1,"featured_media":0,"parent":0,"menu_order":3,"comment_status":"closed","ping_status":"closed","template":"","meta":{"footnotes":""},"class_list":["post-73","page","type-page","status-publish","hentry"],"_links":{"self":[{"href":"https:\/\/goldbeckpferde.de\/index.php?rest_route=\/wp\/v2\/pages\/73","targetHints":{"allow":["GET"]}}],"collection":[{"href":"https:\/\/goldbeckpferde.de\/index.php?rest_route=\/wp\/v2\/pages"}],"about":[{"href":"https:\/\/goldbeckpferde.de\/index.php?rest_route=\/wp\/v2\/types\/page"}],"author":[{"embeddable":true,"href":"https:\/\/goldbeckpferde.de\/index.php?rest_route=\/wp\/v2\/users\/1"}],"replies":[{"embeddable":true,"href":"https:\/\/goldbeckpferde.de\/index.php?rest_route=%2Fwp%2Fv2%2Fcomments&post=73"}],"version-history":[{"count":1,"href":"https:\/\/goldbeckpferde.de\/index.php?rest_route=\/wp\/v2\/pages\/73\/revisions"}],"predecessor-version":[{"id":77,"href":"https:\/\/goldbeckpferde.de\/index.php?rest_route=\/wp\/v2\/pages\/73\/revisions\/77"}],"wp:attachment":[{"href":"https:\/\/goldbeckpferde.de\/index.php?rest_route=%2Fwp%2Fv2%2Fmedia&parent=73"}],"curies":[{"name":"wp","href":"https:\/\/api.w.org\/{rel}","templated":true}]}}