{"id":71,"date":"2026-02-24T09:49:46","date_gmt":"2026-02-24T09:49:46","guid":{"rendered":"https:\/\/goldbeckpferde.de\/?page_id=71"},"modified":"2026-02-24T09:49:50","modified_gmt":"2026-02-24T09:49:50","slug":"pferdepension","status":"publish","type":"page","link":"https:\/\/goldbeckpferde.de\/?page_id=71","title":{"rendered":"Pferdepension"},"content":{"rendered":"<div class=\"\" style=\"\" >\n  \n    <section class=\"u-clearfix u-custom-color-4 u-section-1\" id=\"block-2\">\n      <div class=\"u-clearfix u-sheet u-valign-bottom-xl u-valign-bottom-xs u-sheet-1\">\n        <img decoding=\"async\" class=\"u-expanded-width-xs u-image u-image-default u-image-1\" src=\"https:\/\/goldbeckpferde.de\/wp-content\/uploads\/2026\/02\/header-pension-1.jpg\" alt=\"\" data-image-width=\"1293\" data-image-height=\"472\">\n      <\/div>\n    <\/section>\n    <section class=\"u-align-center u-clearfix u-container-align-center-lg u-container-align-center-xl u-section-2\" id=\"block-3\">\n      <div class=\"u-clearfix u-sheet u-sheet-1\">\n        <h2 class=\"u-align-center u-text u-text-custom-color-5 u-text-default u-text-1\"> Pferdezucht-und Pensionsstall <\/h2>\n        <p class=\"u-align-center-lg u-align-center-md u-align-center-sm u-align-center-xl u-align-left-xs u-text u-text-2\"> Seit \u00fcber 30 Jahren betreiben wir in Goldbeck einen Pferdezucht - und Pensionsstall. <br>Uns ist eine pferdegerechte Haltung und gute Futtergrundlage (aus eigener Ernte) sehr wichtig! &nbsp; <br>Der \nHof liegt direkt am weitl\u00e4ufigen Reitgel\u00e4nde um Neustadt\/Dosse und \nbietet sowohl f\u00fcr Freizeit- als auch f\u00fcr Turnierreiter beste \nTrainingsm\u00f6glichkeiten.&nbsp; Preisauskunft auf Anfrage!<br>Hier ein \u00dcberblick unserer vielf\u00e4ltigen Angebote, f\u00fcr Besichtigungen <span style=\"font-weight: 700; text-decoration: underline !important;\">\n            <a href=\"https:\/\/goldbeckpferde.de\/?page_id=74\" class=\"u-active-none u-border-none u-btn u-button-link u-button-style u-hover-none u-none u-text-custom-color-5 u-btn-1\" title=\"Kontakt\">Kontakt<\/a><\/span> aufnehmen!<br>\n        <\/p>\n      <\/div>\n      \n      \n      \n      \n      \n      \n    <\/section>\n    <section class=\"u-align-center u-clearfix u-custom-color-3 u-section-3\" id=\"block-5\">\n      \n      \n      \n      \n      \n      \n      \n      \n      \n      \n      \n      \n      \n      \n      \n      \n      \n      \n      \n      \n      \n      \n      \n      <div class=\"u-clearfix u-sheet u-valign-middle-sm u-sheet-1\">\n        <div class=\"u-expanded-width u-list u-list-1\">\n          <div class=\"u-repeater u-repeater-1\">\n            <div class=\"u-align-center u-container-style u-image u-image-default u-list-item u-repeater-item u-shape-round u-image-1\" data-image-width=\"964\" data-image-height=\"590\" style=\"background-image: url(&quot;https:\/\/goldbeckpferde.de\/wp-content\/uploads\/2026\/02\/halle-vor-1.jpg&quot;);\">\n              <div class=\"u-container-layout u-similar-container u-container-layout-1\"><\/div>\n            <\/div>\n            <div class=\"u-align-center u-container-align-center u-container-style u-image u-image-default u-list-item u-repeater-item u-shape-round u-image-2\" data-image-width=\"947\" data-image-height=\"526\" style=\"background-image: url(&quot;https:\/\/goldbeckpferde.de\/wp-content\/uploads\/2026\/02\/hof-kl-1.jpg&quot;);\">\n              <div class=\"u-container-layout u-similar-container u-container-layout-2\"><\/div>\n            <\/div>\n          <\/div>\n        <\/div>\n        <p class=\"u-text u-text-1\"><span style=\"font-weight: 700;\"> Unserer Hof verf\u00fcgt \u00fcber:<\/span> &nbsp;\n- Reithalle (20 x 40)<br>&nbsp;Longierhalle (20 x 20)\n- beleuchteter Reitplatz&nbsp; &nbsp; &nbsp;(20 x 40)\n- Springplatz (45 x 60) \n- Longierzirkel&nbsp; &nbsp;(beleuchtet)\n- Solarium\n- F\u00fchranlage&nbsp; - wundersch\u00f6nes Ausreitgel\u00e4nde.\n        <\/p>\n        <div class=\"u-expanded-width u-list u-list-2\">\n          <div class=\"u-repeater u-repeater-2\">\n            <div class=\"u-align-center u-container-style u-image u-image-default u-list-item u-repeater-item u-shape-round u-image-3\" data-image-width=\"697\" data-image-height=\"415\" style=\"background-image: url(&quot;https:\/\/goldbeckpferde.de\/wp-content\/uploads\/2026\/02\/fuehr-kl-1.jpg&quot;);\">\n              <div class=\"u-container-layout u-similar-container u-container-layout-3\"><\/div>\n            <\/div>\n            <div class=\"u-align-center u-container-align-center u-container-style u-image u-image-default u-list-item u-repeater-item u-shape-round u-image-4\" data-image-width=\"870\" data-image-height=\"602\" style=\"background-image: url(&quot;https:\/\/goldbeckpferde.de\/wp-content\/uploads\/2026\/02\/sooll-1.jpg&quot;);\">\n              <div class=\"u-container-layout u-similar-container u-container-layout-4\"><\/div>\n            <\/div>\n          <\/div>\n        <\/div>\n        <p class=\"u-text u-text-2\"> Wir bieten Einzelboxen mit t\u00e4glichem Paddock- bzw. Weidegang im Herdenverband an.&nbsp;\nDer Hof verf\u00fcgt \u00fcber drei Offenst\u00e4lle.&nbsp;\nF\u00fcr Absetzer bieten wir Laufst\u00e4lle in kleinen Gruppen und t\u00e4glichen Weidegang an.\n&nbsp;\nAu\u00dferdem gibt es f\u00fcr Rentner und Aufzuchtpferde bei uns eine gemischte Herde mit ganzj\u00e4hrigem Weidezugang.\n&nbsp;\nJunghengsten steht ein Weidekomplex mit Offenstall in Hofn\u00e4he zur Verf\u00fcgung.&nbsp; Wir nehmen auch tragende Stuten zum Abfohlen auf. <br>\n        <\/p>\n        <div class=\"u-expanded-width u-list u-list-3\">\n          <div class=\"u-repeater u-repeater-3\">\n            <div class=\"u-align-center u-container-style u-image u-image-default u-list-item u-repeater-item u-shape-round u-image-5\" data-image-width=\"799\" data-image-height=\"552\" style=\"background-image: url(&quot;https:\/\/goldbeckpferde.de\/wp-content\/uploads\/2026\/02\/boxen-m-1.jpg&quot;);\">\n              <div class=\"u-container-layout u-similar-container u-container-layout-5\"><\/div>\n            <\/div>\n            <div class=\"u-align-center u-container-align-center u-container-style u-image u-image-default u-list-item u-repeater-item u-shape-round u-image-6\" data-image-width=\"860\" data-image-height=\"487\" style=\"background-image: url(&quot;https:\/\/goldbeckpferde.de\/wp-content\/uploads\/2026\/02\/aussen-m-1.jpg&quot;);\">\n              <div class=\"u-container-layout u-similar-container u-container-layout-6\"><\/div>\n            <\/div>\n          <\/div>\n        <\/div>\n        <p class=\"u-text u-text-3\"><span style=\"font-weight: 700;\"> Unsere Leistung umfasst:<\/span>&nbsp; Nutzung von Reit- und Longierhalle, F\u00fchranlage, Longierzirkel und Reitpl\u00e4tzen <br>- Vollpension\n- Weidegang im Herdenverband von Mai bis Oktober<br>- im Winter stehen Paddocks mit Heu ad libitum zur Verf\u00fcgung&nbsp;\n- zus\u00e4tzlich k\u00f6nnen wir das Vorstellen beim Schmied und Bestandsbehandlungen \u00fcbernehmen\n        <\/p>\n        <div class=\"u-expanded-width u-list u-list-4\">\n          <div class=\"u-repeater u-repeater-4\">\n            <div class=\"u-align-center u-container-style u-image u-image-default u-list-item u-repeater-item u-shape-round u-image-7\" data-image-width=\"853\" data-image-height=\"519\" style=\"background-image: url(&quot;https:\/\/goldbeckpferde.de\/wp-content\/uploads\/2026\/02\/Pension-1.jpg&quot;);\">\n              <div class=\"u-container-layout u-similar-container u-container-layout-7\"><\/div>\n            <\/div>\n            <div class=\"u-align-center u-container-align-center u-container-style u-image u-image-default u-list-item u-repeater-item u-shape-round u-image-8\" data-image-width=\"482\" data-image-height=\"384\" style=\"background-image: url(&quot;https:\/\/goldbeckpferde.de\/wp-content\/uploads\/2026\/02\/Regenbogen-1.jpg&quot;);\">\n              <div class=\"u-container-layout u-similar-container u-container-layout-8\"><\/div>\n            <\/div>\n          <\/div>\n        <\/div>\n      <\/div>\n      \n      \n      \n      \n      \n      \n      \n    <\/section>\n    \n    \n    \n    \n  \n<\/div>","protected":false},"excerpt":{"rendered":"<p>Pferdezucht-und Pensionsstall Seit \u00fcber 30 Jahren betreiben wir in Goldbeck einen Pferdezucht &#8211; und Pensionsstall. Uns ist eine pferdegerechte Haltung und gute Futtergrundlage (aus eigener Ernte) sehr wichtig! &nbsp; Der Hof liegt direkt am weitl\u00e4ufigen Reitgel\u00e4nde um Neustadt\/Dosse und bietet sowohl f\u00fcr Freizeit- als auch f\u00fcr Turnierreiter beste Trainingsm\u00f6glichkeiten.&nbsp; Preisauskunft auf Anfrage!Hier ein \u00dcberblick unserer [&hellip;]<\/p>\n","protected":false},"author":1,"featured_media":0,"parent":0,"menu_order":1,"comment_status":"closed","ping_status":"closed","template":"","meta":{"footnotes":""},"class_list":["post-71","page","type-page","status-publish","hentry"],"_links":{"self":[{"href":"https:\/\/goldbeckpferde.de\/index.php?rest_route=\/wp\/v2\/pages\/71","targetHints":{"allow":["GET"]}}],"collection":[{"href":"https:\/\/goldbeckpferde.de\/index.php?rest_route=\/wp\/v2\/pages"}],"about":[{"href":"https:\/\/goldbeckpferde.de\/index.php?rest_route=\/wp\/v2\/types\/page"}],"author":[{"embeddable":true,"href":"https:\/\/goldbeckpferde.de\/index.php?rest_route=\/wp\/v2\/users\/1"}],"replies":[{"embeddable":true,"href":"https:\/\/goldbeckpferde.de\/index.php?rest_route=%2Fwp%2Fv2%2Fcomments&post=71"}],"version-history":[{"count":1,"href":"https:\/\/goldbeckpferde.de\/index.php?rest_route=\/wp\/v2\/pages\/71\/revisions"}],"predecessor-version":[{"id":75,"href":"https:\/\/goldbeckpferde.de\/index.php?rest_route=\/wp\/v2\/pages\/71\/revisions\/75"}],"wp:attachment":[{"href":"https:\/\/goldbeckpferde.de\/index.php?rest_route=%2Fwp%2Fv2%2Fmedia&parent=71"}],"curies":[{"name":"wp","href":"https:\/\/api.w.org\/{rel}","templated":true}]}}